{"id":1470,"date":"2017-08-08T16:51:16","date_gmt":"2017-08-08T14:51:16","guid":{"rendered":"http:\/\/www.eoiestepona.org\/web\/?page_id=1470"},"modified":"2025-11-06T20:49:33","modified_gmt":"2025-11-06T19:49:33","slug":"programacion-de-ingles","status":"publish","type":"page","link":"https:\/\/www.eoiestepona.org\/web\/programacion-de-ingles\/","title":{"rendered":"Programaci\u00f3n de ingl\u00e9s"},"content":{"rendered":"<p><b><span style=\"font-family: Helvetica,Arial,sans-serif;\">La programaci\u00f3n est\u00e1 a disposici\u00f3n de aquel alumno que lo solicite en formato impreso en el departamento de ingl\u00e9s. Igualmente aqui dispon\u00e9is de una versi\u00f3n electr\u00f3nica por si quer\u00e9is hacer cualquier consulta.<\/span><\/b><\/p>\n<ul>\n<li><a href=\"https:\/\/drive.google.com\/file\/d\/1RgakaCCSmNxRLh3FrmE9VEscx2N9fd5o\/view?usp=sharing\"><b><span style=\"font-family: Helvetica,Arial,sans-serif;\"> Programaci\u00f3n de ingl\u00e9s<\/span><\/b><\/a><\/li>\n<li><strong><a href=\"https:\/\/www.eoiestepona.org\/web\/wp-content\/uploads\/2025\/11\/ANEXO_INGLES-temporalizacion-25-26.docx.pdf\">Anexos<\/a><\/strong><\/li>\n<\/ul>\n\n\n<p><\/p>\n","protected":false},"excerpt":{"rendered":"<p>La programaci\u00f3n est\u00e1 a disposici\u00f3n de aquel alumno que lo solicite en formato impreso en el departamento de ingl\u00e9s. Igualmente aqui dispon\u00e9is de una versi\u00f3n electr\u00f3nica por si quer\u00e9is hacer &#8230;<\/p>\n","protected":false},"author":2,"featured_media":0,"parent":0,"menu_order":0,"comment_status":"closed","ping_status":"closed","template":"","meta":{"footnotes":""},"class_list":["post-1470","page","type-page","status-publish","hentry"],"_links":{"self":[{"href":"https:\/\/www.eoiestepona.org\/web\/wp-json\/wp\/v2\/pages\/1470","targetHints":{"allow":["GET"]}}],"collection":[{"href":"https:\/\/www.eoiestepona.org\/web\/wp-json\/wp\/v2\/pages"}],"about":[{"href":"https:\/\/www.eoiestepona.org\/web\/wp-json\/wp\/v2\/types\/page"}],"author":[{"embeddable":true,"href":"https:\/\/www.eoiestepona.org\/web\/wp-json\/wp\/v2\/users\/2"}],"replies":[{"embeddable":true,"href":"https:\/\/www.eoiestepona.org\/web\/wp-json\/wp\/v2\/comments?post=1470"}],"version-history":[{"count":15,"href":"https:\/\/www.eoiestepona.org\/web\/wp-json\/wp\/v2\/pages\/1470\/revisions"}],"predecessor-version":[{"id":6495,"href":"https:\/\/www.eoiestepona.org\/web\/wp-json\/wp\/v2\/pages\/1470\/revisions\/6495"}],"wp:attachment":[{"href":"https:\/\/www.eoiestepona.org\/web\/wp-json\/wp\/v2\/media?parent=1470"}],"curies":[{"name":"wp","href":"https:\/\/api.w.org\/{rel}","templated":true}]}}