{"id":1519,"date":"2017-08-10T10:24:16","date_gmt":"2017-08-10T08:24:16","guid":{"rendered":"http:\/\/www.eoiestepona.org\/web\/?page_id=1519"},"modified":"2022-03-08T17:53:51","modified_gmt":"2022-03-08T16:53:51","slug":"simultaneidad-de-matricula","status":"publish","type":"page","link":"https:\/\/www.eoiestepona.org\/web\/simultaneidad-de-matricula\/","title":{"rendered":"Simultaneidad de matr\u00edcula"},"content":{"rendered":"<p><span style=\"font-family: Helvetica, Arial, sans-serif;\">Se informa al alumnado matriculado en la EOI de ESTEPONA en cualquiera\u00a0<\/span><span style=\"font-family: Helvetica, Arial, sans-serif;\">de las ense\u00f1anzas oficiales (general o C.A.L.) durante el presente curso\u00a0que, si\u00a0<\/span><span style=\"font-family: Helvetica, Arial, sans-serif;\">tiene la intenci\u00f3n de matricularse en el r\u00e9gimen libre en otro idioma, ya sea en \u00e9sta o en otra EOI*, deber\u00e1n solicitarlo por escrito, durante el mes de marzo del 1 al 15 de ese mes, para obtener la autorizaci\u00f3n correspondiente.<\/span><br \/>\n<span style=\"font-family: Helvetica, Arial, sans-serif;\"><br \/>\n<em>* S\u00f3lo podr\u00e1n acudir a otra EOI si el idioma\u00a0para la matr\u00edcula libre\u00a0<\/em><\/span><em><span style=\"font-family: Helvetica, Arial, sans-serif;\">no se convoca en la EOI de ESTEPONA.<\/span><\/em><br \/>\n<span style=\"font-family: Helvetica, Arial, sans-serif;\"><br \/>\nNi la simultaneidad de matr\u00edcula ni la matr\u00edcula libre pueden solicitarse para el\u00a0<\/span><span style=\"font-family: Helvetica, Arial, sans-serif;\">mismo idioma que se realiza en la ense\u00f1anza oficial, a menos que se haya\u00a0<\/span><span style=\"font-family: Helvetica, Arial, sans-serif;\">solicitado anulaci\u00f3n de la matr\u00edcula oficial y recibido la contestaci\u00f3n\u00a0<\/span><span style=\"font-family: Helvetica, Arial, sans-serif;\">afirmativa con anterioridad al plazo de matr\u00edcula libre.<\/span><br \/>\n<span style=\"font-family: Helvetica, Arial, sans-serif;\"><br \/>\nSin esta autorizaci\u00f3n no ser\u00e1 posible efectuar la matr\u00edcula libre. Esta autorizaci\u00f3n ser\u00e1 requerida durante el per\u00edodo de matr\u00edcula libre (del 1 al 15 de abril).<\/span><br \/>\n<span style=\"font-family: Helvetica, Arial, sans-serif;\"><br \/>\n<\/span><span style=\"font-family: Helvetica, Arial, sans-serif;\">El impreso de solicitud de simultaneidad se puede recoger en la secretar\u00eda o\u00a0<\/span><span style=\"font-family: Helvetica, Arial, sans-serif;\">bien en la Web del centro (<a href=\"http:\/\/www.eoiestepona.org\/html\/secretaria\/documentos\/impreso_simultaneidad.pdf\" target=\"_blank\" rel=\"me noopener\">impreso<\/a>).<\/span><\/p>\n","protected":false},"excerpt":{"rendered":"<p>Se informa al alumnado matriculado en la EOI de ESTEPONA en cualquiera\u00a0de las ense\u00f1anzas oficiales (general o C.A.L.) durante el presente curso\u00a0que, si\u00a0tiene la intenci\u00f3n de matricularse en el r\u00e9gimen &#8230;<\/p>\n","protected":false},"author":2,"featured_media":0,"parent":0,"menu_order":0,"comment_status":"closed","ping_status":"closed","template":"","meta":{"footnotes":""},"class_list":["post-1519","page","type-page","status-publish","hentry"],"_links":{"self":[{"href":"https:\/\/www.eoiestepona.org\/web\/wp-json\/wp\/v2\/pages\/1519","targetHints":{"allow":["GET"]}}],"collection":[{"href":"https:\/\/www.eoiestepona.org\/web\/wp-json\/wp\/v2\/pages"}],"about":[{"href":"https:\/\/www.eoiestepona.org\/web\/wp-json\/wp\/v2\/types\/page"}],"author":[{"embeddable":true,"href":"https:\/\/www.eoiestepona.org\/web\/wp-json\/wp\/v2\/users\/2"}],"replies":[{"embeddable":true,"href":"https:\/\/www.eoiestepona.org\/web\/wp-json\/wp\/v2\/comments?post=1519"}],"version-history":[{"count":2,"href":"https:\/\/www.eoiestepona.org\/web\/wp-json\/wp\/v2\/pages\/1519\/revisions"}],"predecessor-version":[{"id":3952,"href":"https:\/\/www.eoiestepona.org\/web\/wp-json\/wp\/v2\/pages\/1519\/revisions\/3952"}],"wp:attachment":[{"href":"https:\/\/www.eoiestepona.org\/web\/wp-json\/wp\/v2\/media?parent=1519"}],"curies":[{"name":"wp","href":"https:\/\/api.w.org\/{rel}","templated":true}]}}