{"id":3687,"date":"2021-09-07T12:29:46","date_gmt":"2021-09-07T10:29:46","guid":{"rendered":"http:\/\/www.eoiestepona.org\/web\/?page_id=3687"},"modified":"2025-09-15T20:22:42","modified_gmt":"2025-09-15T18:22:42","slug":"libros-de-texto-frances","status":"publish","type":"page","link":"https:\/\/www.eoiestepona.org\/web\/libros-de-texto-frances\/","title":{"rendered":"Libros de texto franc\u00e9s"},"content":{"rendered":"\n<p><strong>Curso 2025 &#8211; 2026<\/strong><\/p>\n\n\n\n<p><strong>1\u00ba NIVEL B\u00c1SICO (1\u00ba) <\/strong><\/p>\n\n\n\n<p>\u00c9DITO A1 (edici\u00f3n 2022) EDITORIAL : DIDIER Fran\u00e7ais Langue \u00c9trang\u00e8re Livre de l\u2019\u00e9l\u00e8ve ISBN: 9788490498101<\/p>\n\n\n\n<p>\u00c9DITO A1 (edici\u00f3n 2022) EDITORIAL : DIDIER Fran\u00e7ais Langue \u00c9trang\u00e8re Cahier d\u2019activit\u00e9s ISBN: 9788490498118<\/p>\n\n\n\n<p><strong>2\u00ba NIVEL B\u00c1SICO (2\u00ba) <\/strong><\/p>\n\n\n\n<p>\u00c9DITO A2 (edici\u00f3n 2022) EDITORIAL : DIDIER Fran\u00e7ais Langue \u00c9trang\u00e8re Livre de l\u2019\u00e9l\u00e8ve ISBN: 9788490498132<\/p>\n\n\n\n<p>\u00c9DITO A2 (edici\u00f3n 2022) EDITORIAL : DIDIER Fran\u00e7ais Langue \u00c9trang\u00e8re Cahier d\u2019activit\u00e9s ISBN: 9788490498125<\/p>\n\n\n\n<p><strong>NIVEL INTERMEDIO B1 (3\u00ba) <\/strong><\/p>\n\n\n\n<p>D\u00c9FI 3 EDITORIAL : Maison des Langues Livre de l\u2019\u00e9l\u00e8ve ISBN : 978-8416943593<\/p>\n\n\n\n<p>D\u00c9FI 3 EDITORIAL : Maison des Langues Cahier d \u0301exercices ISBN : 978-8417249670<\/p>\n\n\n\n<p><strong>1\u00ba NIVEL INTERMEDIO B2 (4\u00ba) <\/strong><\/p>\n\n\n\n<p>\u00c9DITO B2 (edici\u00f3n 2022) EDITORIAL : DIDIER Fran\u00e7ais Langue \u00c9trang\u00e8re Livre de l\u2019\u00e9l\u00e8ve ISBN : 9788490498156<\/p>\n\n\n\n<p>\u00c9DITO B2 (edici\u00f3n 2022) EDITORIAL : DIDIER Fran\u00e7ais Langue \u00c9trang\u00e8re Cahier d\u2019activit\u00e9s ISBN: 9788490498149<\/p>\n\n\n\n<p><strong>2\u00ba NIVEL INTERMEDIO B2 (5\u00ba) <\/strong><\/p>\n\n\n\n<p>EDITO B2 (LIVRE DE L\u2019\u00c9L\u00c8VE + CD AUDIO ET VID\u00c9O INCLUS) EDITORIAL : DIDIER Fran\u00e7ais Langue \u00c9trang\u00e8re ISBN : 978-84-9049-205-5<\/p>\n\n\n\n<p><strong>NIVEL AVANZADO C1 <\/strong><\/p>\n\n\n\n<p>\u00c9DITO C1 (LIVRE DE L\u2019\u00c9L\u00c8VE + CD AUDIO ET VID\u00c9O INCLUS) EDITORIAL : Maison des Langues ISBN : 978-84-9049-286-4<\/p>\n\n\n\n<div data-wp-interactive=\"core\/file\" class=\"wp-block-file\"><object data-wp-bind--hidden=\"!state.hasPdfPreview\" hidden class=\"wp-block-file__embed\" data=\"https:\/\/www.eoiestepona.org\/web\/wp-content\/uploads\/2024\/09\/librostextos_fr.pdf\" type=\"application\/pdf\" style=\"width:100%;height:600px\" aria-label=\"Incrustado de librostextos_fr.\"><\/object><a id=\"wp-block-file--media-a327949a-05c6-4e6f-a603-693b71c5a2bd\" href=\"https:\/\/www.eoiestepona.org\/web\/wp-content\/uploads\/2024\/09\/librostextos_fr.pdf\">librostextos_fr<\/a><a href=\"https:\/\/www.eoiestepona.org\/web\/wp-content\/uploads\/2024\/09\/librostextos_fr.pdf\" class=\"wp-block-file__button wp-element-button\" download aria-describedby=\"wp-block-file--media-a327949a-05c6-4e6f-a603-693b71c5a2bd\">Descarga<\/a><\/div>\n","protected":false},"excerpt":{"rendered":"<p>Curso 2025 &#8211; 2026 1\u00ba NIVEL B\u00c1SICO (1\u00ba) \u00c9DITO A1 (edici\u00f3n 2022) EDITORIAL : DIDIER Fran\u00e7ais Langue \u00c9trang\u00e8re Livre de l\u2019\u00e9l\u00e8ve ISBN: 9788490498101 \u00c9DITO A1 (edici\u00f3n 2022) EDITORIAL : DIDIER &#8230;<\/p>\n","protected":false},"author":2,"featured_media":0,"parent":0,"menu_order":0,"comment_status":"closed","ping_status":"closed","template":"","meta":{"footnotes":""},"class_list":["post-3687","page","type-page","status-publish","hentry"],"_links":{"self":[{"href":"https:\/\/www.eoiestepona.org\/web\/wp-json\/wp\/v2\/pages\/3687","targetHints":{"allow":["GET"]}}],"collection":[{"href":"https:\/\/www.eoiestepona.org\/web\/wp-json\/wp\/v2\/pages"}],"about":[{"href":"https:\/\/www.eoiestepona.org\/web\/wp-json\/wp\/v2\/types\/page"}],"author":[{"embeddable":true,"href":"https:\/\/www.eoiestepona.org\/web\/wp-json\/wp\/v2\/users\/2"}],"replies":[{"embeddable":true,"href":"https:\/\/www.eoiestepona.org\/web\/wp-json\/wp\/v2\/comments?post=3687"}],"version-history":[{"count":13,"href":"https:\/\/www.eoiestepona.org\/web\/wp-json\/wp\/v2\/pages\/3687\/revisions"}],"predecessor-version":[{"id":6388,"href":"https:\/\/www.eoiestepona.org\/web\/wp-json\/wp\/v2\/pages\/3687\/revisions\/6388"}],"wp:attachment":[{"href":"https:\/\/www.eoiestepona.org\/web\/wp-json\/wp\/v2\/media?parent=3687"}],"curies":[{"name":"wp","href":"https:\/\/api.w.org\/{rel}","templated":true}]}}