{"id":4300,"date":"2022-06-15T19:20:44","date_gmt":"2022-06-15T17:20:44","guid":{"rendered":"http:\/\/www.eoiestepona.org\/web\/?page_id=4300"},"modified":"2025-09-26T12:46:54","modified_gmt":"2025-09-26T10:46:54","slug":"inicio-de-las-clases","status":"publish","type":"page","link":"https:\/\/www.eoiestepona.org\/web\/inicio-de-las-clases\/","title":{"rendered":"Inicio de las clases"},"content":{"rendered":"\n<p>Las clases comienzan a partir del d\u00eda 22 de septiembre.<\/p>\n\n\n\n<p>El comienzo se realiza de manera progresiva en funci\u00f3n del grupo en el que est\u00e1s matriculado. <\/p>\n\n\n\n<p>Comprueba en la tabla siguiente el d\u00eda de inicio de tu grupo. Cada grupo comienza en su horario.  <\/p>\n\n\n\n<p>En septiembre encontrar\u00e1 la informaci\u00f3n actualizada.<\/p>\n\n\n\n<figure class=\"wp-block-table is-style-stripes\"><table class=\"has-black-color has-text-color has-link-color\"><tbody><tr><td class=\"has-text-align-center\" data-align=\"center\"><strong><span class=\"has-inline-color has-black-color\">INGL\u00c9S CURSOS PRESENCIALES<\/span><\/strong><\/td><td>GRUPO<\/td><td>D\u00cdA DE INICIO<\/td><td><\/td><\/tr><tr><td class=\"has-text-align-center\" data-align=\"center\"><\/td><td>A1A<\/td><td>23 septiembre &#8211; aula 521<\/td><td><\/td><\/tr><tr><td class=\"has-text-align-center\" data-align=\"center\"><span class=\"has-inline-color has-vivid-red-color\"><strong>NIVEL B\u00c1SICO 1<\/strong><\/span><\/td><td>A1B<\/td><td>23 septiembre &#8211; aula 521<\/td><td><\/td><\/tr><tr><td class=\"has-text-align-center\" data-align=\"center\"><\/td><td>A1C<\/td><td>1 octubre &#8211; aula 202<\/td><td><\/td><\/tr><tr><td class=\"has-text-align-center\" data-align=\"center\"><strong><span class=\"has-inline-color has-vivid-red-color\">NIVEL B\u00c1SICO 2<\/span><\/strong><\/td><td>A2A<\/td><td>22 septiembre &#8211; aula 525<\/td><td><\/td><\/tr><tr><td class=\"has-text-align-center\" data-align=\"center\"><\/td><td>A2B<\/td><td>22 septiembre &#8211; aula 525<\/td><td><\/td><\/tr><tr><td class=\"has-text-align-center\" data-align=\"center\"><span class=\"has-inline-color has-vivid-red-color\"><strong>NIVEL INTERMEDIO B1<\/strong><\/span><\/td><td>B1A<\/td><td>22 septiembre &#8211; aula 502<\/td><td><\/td><\/tr><tr><td class=\"has-text-align-center\" data-align=\"center\"><\/td><td>B1B<\/td><td>22 septiembre &#8211; aula 502<\/td><td><\/td><\/tr><tr><td class=\"has-text-align-center\" data-align=\"center\"><\/td><td><\/td><td><\/td><td><\/td><\/tr><tr><td class=\"has-text-align-center\" data-align=\"center\"><strong><span class=\"has-inline-color has-vivid-red-color\">NIVEL INTERMEDIO B2.1<\/span><\/strong><\/td><td>B2.1A<\/td><td>22 septiembre &#8211; aula 514<\/td><td><\/td><\/tr><tr><td class=\"has-text-align-center\" data-align=\"center\"><\/td><td>B2.1B<\/td><td>22 septiembre &#8211; aula 514<\/td><td><\/td><\/tr><tr><td class=\"has-text-align-center\" data-align=\"center\"><strong><span class=\"has-inline-color has-vivid-red-color\">NIVEL INTERMEDIO B2.2<\/span><\/strong><\/td><td>B2.2A<\/td><td>23 septiembre &#8211; aula 526<\/td><td><\/td><\/tr><tr><td class=\"has-text-align-center\" data-align=\"center\"><\/td><td>B2.2B<\/td><td>23 septiembre &#8211; aula 526<\/td><td><\/td><\/tr><tr><td class=\"has-text-align-center\" data-align=\"center\"><span class=\"has-inline-color has-vivid-red-color\"><strong>NIVEL AVANZADO C1.1<\/strong><\/span><\/td><td>C1.1A<\/td><td>23 septiembre &#8211; aula 525<\/td><td><\/td><\/tr><tr><td class=\"has-text-align-center\" data-align=\"center\"><\/td><td>C1.1B<\/td><td>23 septiembre &#8211; aula 525<\/td><td><\/td><\/tr><tr><td class=\"has-text-align-center\" data-align=\"center\"><strong><span class=\"has-inline-color has-vivid-red-color\">NIVEL AVANZADO C1.2<\/span><\/strong><\/td><td>C1.2<\/td><td>22 septiembre &#8211; aula 202<\/td><td><\/td><\/tr><tr><td class=\"has-text-align-center\" data-align=\"center\"><\/td><td><\/td><td><\/td><td><\/td><\/tr><tr><td class=\"has-text-align-center\" data-align=\"center\"><strong>INGL\u00c9S CURSOS SEMIPRESENCIALES<\/strong><\/td><td><\/td><td><\/td><td><\/td><\/tr><tr><td class=\"has-text-align-center\" data-align=\"center\"><span class=\"has-inline-color has-vivid-red-color\"><strong>NIVEL B\u00c1SICO 1<\/strong><\/span><\/td><td>A1.SEMI<\/td><td>22 septiembre &#8211; aula 521<\/td><td><\/td><\/tr><tr><td class=\"has-text-align-center\" data-align=\"center\"><strong><span class=\"has-inline-color has-vivid-red-color\">NIVEL B\u00c1SICO 2<\/span><\/strong><\/td><td>A2. SEMI<\/td><td>23 septiembre &#8211; aula 202<\/td><td><\/td><\/tr><tr><td class=\"has-text-align-center\" data-align=\"center\"><strong><span class=\"has-inline-color has-vivid-red-color\">NIVEL INTERMEDIO B1<\/span><\/strong><\/td><td>B1.SEMI<\/td><td>24 septiembre &#8211; aula 502<\/td><td><\/td><\/tr><tr><td class=\"has-text-align-center\" data-align=\"center\"><strong><span class=\"has-inline-color has-vivid-red-color\">NIVEL INTERMEDIO B2.1<\/span><\/strong><\/td><td>B2.1.SEMI<\/td><td>25 septiembre &#8211; aula 502<\/td><td><\/td><\/tr><tr><td class=\"has-text-align-center\" data-align=\"center\"><strong><span class=\"has-inline-color has-vivid-red-color\">NIVEL INTERMEDIO B2.2<\/span><\/strong><\/td><td>B2.2.SEMI<\/td><td>24 septiembre &#8211; aula 526<\/td><td><\/td><\/tr><tr><td class=\"has-text-align-center\" data-align=\"center\"><\/td><td><\/td><td><\/td><td><\/td><\/tr><tr><td class=\"has-text-align-center\" data-align=\"center\"><strong>FRANC\u00c9S CURSOS PRESENCIALES<\/strong><\/td><td><\/td><td><\/td><td><\/td><\/tr><tr><td class=\"has-text-align-center\" data-align=\"center\"><span class=\"has-inline-color has-vivid-cyan-blue-color\"><strong>NIVEL B\u00c1SICO 1<\/strong><\/span><\/td><td>A1.A<\/td><td>22 septiembre &#8211; aula 513<\/td><td><\/td><\/tr><tr><td class=\"has-text-align-center\" data-align=\"center\"><\/td><td>A1.B<\/td><td>22 septiembre &#8211; aula 513<\/td><td><\/td><\/tr><tr><td class=\"has-text-align-center\" data-align=\"center\"><strong><span class=\"has-inline-color has-vivid-cyan-blue-color\">NIVEL B\u00c1SICO 2<\/span><\/strong><\/td><td>A2.A<\/td><td>23 septiembre &#8211; aula 513<\/td><td><\/td><\/tr><tr><td class=\"has-text-align-center\" data-align=\"center\"><strong><span class=\"has-inline-color has-vivid-cyan-blue-color\">NIVEL INTERMEDIO B1<\/span><\/strong><\/td><td>B1<\/td><td>22 septiembre &#8211; aula 512<\/td><td><\/td><\/tr><tr><td class=\"has-text-align-center\" data-align=\"center\"><strong><span class=\"has-inline-color has-vivid-cyan-blue-color\">NIVEL INTERMEDIO B2.1<\/span><\/strong><\/td><td>B2.1<\/td><td>23 septiembre &#8211; aula 512<\/td><td><\/td><\/tr><tr><td class=\"has-text-align-center\" data-align=\"center\"><strong><span class=\"has-inline-color has-vivid-cyan-blue-color\">NIVEL INTERMEDIO B2.2<\/span><\/strong><\/td><td>B2.2<\/td><td>23 septiembre &#8211; aula 513<\/td><td><\/td><\/tr><tr><td class=\"has-text-align-center\" data-align=\"center\"><strong><span class=\"has-inline-color has-vivid-cyan-blue-color\">NIVEL AVANZADO C1.1<\/span><\/strong><\/td><td>C1.1<\/td><td>23 septiembre &#8211; aula 512<\/td><td><\/td><\/tr><tr><td class=\"has-text-align-center\" data-align=\"center\"><strong><span class=\"has-inline-color has-vivid-cyan-blue-color\">NIVEL AVANZADO C1.2<\/span><\/strong><\/td><td>C1.2<\/td><td>23 septiembre &#8211; aula 512<\/td><td><\/td><\/tr><tr><td class=\"has-text-align-center\" data-align=\"center\"><\/td><td><\/td><td><\/td><td><\/td><\/tr><tr><td class=\"has-text-align-center\" data-align=\"center\"><strong>CURSO ANUAL <\/strong><\/td><td><\/td><td><\/td><td><\/td><\/tr><tr><td class=\"has-text-align-center\" data-align=\"center\"><strong>INGL\u00c9S PARA PRINCIPIANTES ABSOLUTOS<\/strong><\/td><td><\/td><td>22 septiembre &#8211; aula 501<\/td><td><\/td><\/tr><tr><td class=\"has-text-align-center\" data-align=\"center\"><\/td><td><\/td><td><\/td><td><\/td><\/tr><tr><td class=\"has-text-align-center\" data-align=\"center\"><strong>CURSOS CUATRIMESTRALES<\/strong><\/td><td><\/td><td><\/td><td><\/td><\/tr><tr><td class=\"has-text-align-center\" data-align=\"center\"><strong><span class=\"has-inline-color has-vivid-red-color\">Activa tu ingl\u00e9s B1<\/span><\/strong><\/td><td><\/td><td>1 octubre &#8211; aula 526<\/td><td><\/td><\/tr><tr><td class=\"has-text-align-center\" data-align=\"center\"><strong><span class=\"has-inline-color has-vivid-red-color\">Activa tu ingl\u00e9s B2<\/span><\/strong><\/td><td><\/td><td>30 septiembre &#8211; aula 202<\/td><td><\/td><\/tr><tr><td class=\"has-text-align-center\" data-align=\"center\"><strong><span class=\"has-inline-color has-vivid-red-color\"><strong><span class=\"has-inline-color has-vivid-red-color\">Activa tu ingl\u00e9s <\/span><\/strong> C1<\/span><\/strong><\/td><td><\/td><td>30 septiembre &#8211; aula 501<\/td><td><\/td><\/tr><tr><td class=\"has-text-align-center\" data-align=\"center\"><\/td><td><\/td><td><\/td><td><\/td><\/tr><tr><td class=\"has-text-align-center\" data-align=\"center\"><\/td><td><\/td><td><\/td><td><\/td><\/tr><tr><td class=\"has-text-align-center\" data-align=\"center\"><\/td><td><\/td><td><\/td><td><\/td><\/tr><tr><td class=\"has-text-align-center\" data-align=\"center\"><\/td><td><\/td><td><\/td><td><\/td><\/tr><\/tbody><\/table><\/figure>\n","protected":false},"excerpt":{"rendered":"<p>Las clases comienzan a partir del d\u00eda 22 de septiembre. El comienzo se realiza de manera progresiva en funci\u00f3n del grupo en el que est\u00e1s matriculado. Comprueba en la tabla &#8230;<\/p>\n","protected":false},"author":2,"featured_media":0,"parent":0,"menu_order":0,"comment_status":"closed","ping_status":"closed","template":"","meta":{"footnotes":""},"class_list":["post-4300","page","type-page","status-publish","hentry"],"_links":{"self":[{"href":"https:\/\/www.eoiestepona.org\/web\/wp-json\/wp\/v2\/pages\/4300","targetHints":{"allow":["GET"]}}],"collection":[{"href":"https:\/\/www.eoiestepona.org\/web\/wp-json\/wp\/v2\/pages"}],"about":[{"href":"https:\/\/www.eoiestepona.org\/web\/wp-json\/wp\/v2\/types\/page"}],"author":[{"embeddable":true,"href":"https:\/\/www.eoiestepona.org\/web\/wp-json\/wp\/v2\/users\/2"}],"replies":[{"embeddable":true,"href":"https:\/\/www.eoiestepona.org\/web\/wp-json\/wp\/v2\/comments?post=4300"}],"version-history":[{"count":39,"href":"https:\/\/www.eoiestepona.org\/web\/wp-json\/wp\/v2\/pages\/4300\/revisions"}],"predecessor-version":[{"id":6417,"href":"https:\/\/www.eoiestepona.org\/web\/wp-json\/wp\/v2\/pages\/4300\/revisions\/6417"}],"wp:attachment":[{"href":"https:\/\/www.eoiestepona.org\/web\/wp-json\/wp\/v2\/media?parent=4300"}],"curies":[{"name":"wp","href":"https:\/\/api.w.org\/{rel}","templated":true}]}}