{"id":4940,"date":"2023-09-15T13:00:40","date_gmt":"2023-09-15T11:00:40","guid":{"rendered":"https:\/\/www.eoiestepona.org\/web\/?page_id=4940"},"modified":"2023-09-15T13:02:19","modified_gmt":"2023-09-15T11:02:19","slug":"pasen","status":"publish","type":"page","link":"https:\/\/www.eoiestepona.org\/web\/pasen\/","title":{"rendered":"PASEN"},"content":{"rendered":"\n<p>C\u00d3MO ACCEDER A PASEN<\/p>\n\n\n\n<p>Puedes acceder a la plataforma PASEN a trav\u00e9s de dos medios distintos:<\/p>\n\n\n\n<ul class=\"wp-block-list\">\n<li>Desde del siguiente <a href=\"https:\/\/seneca.juntadeandalucia.es\/seneca\/jsp\/portalpasen\/\">ENLACE<\/a> (<a href=\"https:\/\/seneca.juntadeandalucia.es\/seneca\/jsp\/portalpasen\/\" target=\"_blank\" rel=\"noreferrer noopener\">https:\/\/seneca.juntadeandalucia.es\/seneca\/jsp\/portalpasen\/<\/a>).<\/li>\n<\/ul>\n\n\n\n<ul class=\"wp-block-list\">\n<li>Escribiendo en la barra del buscador que utilices para acceder a Internet la palabra <strong>\u201cPasen\u201d. <\/strong>Suele ser el primer resultado que aparece tras la b\u00fasqueda. F\u00edjate que est\u00e1 dentro de la Consejer\u00eda de Educaci\u00f3n de la Junta de Andaluc\u00eda, en la plataforma Pasen de Seguimiento Educativo 2.0.<\/li>\n<\/ul>\n\n\n\n<p>PARA CREAR UNA CONTRASE\u00d1A DE PASEN POR PRIMERA VEZ O SI TIENES<\/p>\n\n\n\n<p><strong>PROBLEMAS DE ACCESO<\/strong>, debes pinchar en <strong>\u201cNo tengo acceso\u201d.<\/strong><\/p>\n\n\n<div class=\"wp-block-image\">\n<figure class=\"aligncenter size-full is-resized\"><img loading=\"lazy\" decoding=\"async\" src=\"https:\/\/www.eoiestepona.org\/web\/wp-content\/uploads\/2023\/09\/PASEN01.jpg\" alt=\"\" class=\"wp-image-4941\" style=\"width:284px;height:303px\" width=\"284\" height=\"303\"\/><\/figure>\n<\/div>\n\n\n<p>A continuaci\u00f3n, aparecer\u00e1n en pantalla las opciones de entrada en el sistema, una como tutor\/a o representante del alumnado matriculado y otra como alumnado matriculado.<\/p>\n\n\n\n<p><strong>Si deseas entrar con perfil de alumno\/a, <\/strong>tienes que seleccionarlo donde indica la flecha, escribir tu NIF, el m\u00f3vil suministrado al centro y tu fecha de nacimiento.<strong>\u00a0<\/strong><\/p>\n\n\n\n<p><strong>Ojo! <\/strong>No olvides escribir el \u201ccaptcha\u201d o caracteres que aparecen en la imagen.<\/p>\n\n\n\n<p><strong>Ojo! <\/strong>Si, una vez escritos los datos, el sistema no te da acceso a la plataforma, ponte en contacto con tu profesor\/a o con la administraci\u00f3n del centro para que comprueben que en tu ficha como alumno\/a est\u00e1n correctos los datos de matr\u00edcula<\/p>\n\n\n<div class=\"wp-block-image\">\n<figure class=\"aligncenter size-full is-resized\"><img loading=\"lazy\" decoding=\"async\" src=\"https:\/\/www.eoiestepona.org\/web\/wp-content\/uploads\/2023\/09\/PASEN02.jpg\" alt=\"\" class=\"wp-image-4942\" style=\"width:723px;height:521px\" width=\"723\" height=\"521\" srcset=\"https:\/\/www.eoiestepona.org\/web\/wp-content\/uploads\/2023\/09\/PASEN02.jpg 443w, https:\/\/www.eoiestepona.org\/web\/wp-content\/uploads\/2023\/09\/PASEN02-300x216.jpg 300w\" sizes=\"auto, (max-width: 723px) 100vw, 723px\" \/><\/figure>\n<\/div>\n\n\n<p><strong>Si deseas entrar como tutor\/a legal o representante, <\/strong>tienes que seleccionarlo donde te indica la flecha, escribir tu NIF, el m\u00f3vil suministrado al centro, y la fecha de nacimiento del hijo\/a matriculado.<\/p>\n\n\n\n<p><strong>Ojo! <\/strong>No olvides escribir el \u201ccaptcha\u201d o caracteres que aparecen en la imagen.<\/p>\n\n\n\n<p><strong>Ojo! <\/strong>Si, una vez escritos los datos, el sistema no te da acceso a la plataforma, ponte en contacto con tu profesor\/a o con la administraci\u00f3n del centro para que comprueben que en la ficha del alumno\/a est\u00e1n correctos los datos de matr\u00edcula.<\/p>\n\n\n<div class=\"wp-block-image\">\n<figure class=\"aligncenter size-full is-resized\"><img loading=\"lazy\" decoding=\"async\" src=\"https:\/\/www.eoiestepona.org\/web\/wp-content\/uploads\/2023\/09\/PASEN03.jpg\" alt=\"\" class=\"wp-image-4943\" style=\"width:670px;height:481px\" width=\"670\" height=\"481\" srcset=\"https:\/\/www.eoiestepona.org\/web\/wp-content\/uploads\/2023\/09\/PASEN03.jpg 444w, https:\/\/www.eoiestepona.org\/web\/wp-content\/uploads\/2023\/09\/PASEN03-300x216.jpg 300w\" sizes=\"auto, (max-width: 670px) 100vw, 670px\" \/><\/figure>\n<\/div>\n\n\n<p><strong>SI YA DISPONES DE CONTRASE\u00d1A Y NO LA RECUERDAS<\/strong>, debes pinchar en <strong>\u201c\u00bfOlvid\u00f3 su contrase\u00f1a?<\/strong>, y el sistema te pedir\u00e1 tu nombre de usuario adem\u00e1s de la respuesta a la pregunta de seguridad que contestaste la primera vez que generaste la clave.<\/p>\n\n\n\n<p><strong>* <\/strong>El nombre de usuario corresponde con la primera letra de tu nombre, seguida de las 3 primeras del 1\u00ba apellido, y las 3 primeras del 2\u00ba apellido, y a\u00f1adiendo por \u00faltimo las 3 \u00faltimas cifras de tu NIF: Ejemplo: Para Antonio Mart\u00ednez P\u00e9rez con NIF: 00171717-X \u00e0 Su usuario ser\u00eda amarper717<\/p>\n","protected":false},"excerpt":{"rendered":"<p>C\u00d3MO ACCEDER A PASEN Puedes acceder a la plataforma PASEN a trav\u00e9s de dos medios distintos: PARA CREAR UNA CONTRASE\u00d1A DE PASEN POR PRIMERA VEZ O SI TIENES PROBLEMAS DE &#8230;<\/p>\n","protected":false},"author":2,"featured_media":0,"parent":0,"menu_order":0,"comment_status":"closed","ping_status":"closed","template":"","meta":{"footnotes":""},"class_list":["post-4940","page","type-page","status-publish","hentry"],"_links":{"self":[{"href":"https:\/\/www.eoiestepona.org\/web\/wp-json\/wp\/v2\/pages\/4940","targetHints":{"allow":["GET"]}}],"collection":[{"href":"https:\/\/www.eoiestepona.org\/web\/wp-json\/wp\/v2\/pages"}],"about":[{"href":"https:\/\/www.eoiestepona.org\/web\/wp-json\/wp\/v2\/types\/page"}],"author":[{"embeddable":true,"href":"https:\/\/www.eoiestepona.org\/web\/wp-json\/wp\/v2\/users\/2"}],"replies":[{"embeddable":true,"href":"https:\/\/www.eoiestepona.org\/web\/wp-json\/wp\/v2\/comments?post=4940"}],"version-history":[{"count":2,"href":"https:\/\/www.eoiestepona.org\/web\/wp-json\/wp\/v2\/pages\/4940\/revisions"}],"predecessor-version":[{"id":4946,"href":"https:\/\/www.eoiestepona.org\/web\/wp-json\/wp\/v2\/pages\/4940\/revisions\/4946"}],"wp:attachment":[{"href":"https:\/\/www.eoiestepona.org\/web\/wp-json\/wp\/v2\/media?parent=4940"}],"curies":[{"name":"wp","href":"https:\/\/api.w.org\/{rel}","templated":true}]}}

<p>CÓMO ACCEDER A PASEN</p>



<p>Puedes acceder a la plataforma PASEN a través de dos medios distintos:</p>



<ul class="wp-block-list">
<li>Desde del siguiente <a href="https://seneca.juntadeandalucia.es/seneca/jsp/portalpasen/">ENLACE</a> (<a href="https://seneca.juntadeandalucia.es/seneca/jsp/portalpasen/" target="_blank" rel="noreferrer noopener">https://seneca.juntadeandalucia.es/seneca/jsp/portalpasen/</a>).</li>
</ul>



<ul class="wp-block-list">
<li>Escribiendo en la barra del buscador que utilices para acceder a Internet la palabra <strong>“Pasen”. </strong>Suele ser el primer resultado que aparece tras la búsqueda. Fíjate que está dentro de la Consejería de Educación de la Junta de Andalucía, en la plataforma Pasen de Seguimiento Educativo 2.0.</li>
</ul>



<p>PARA CREAR UNA CONTRASEÑA DE PASEN POR PRIMERA VEZ O SI TIENES</p>



<p><strong>PROBLEMAS DE ACCESO</strong>, debes pinchar en <strong>“No tengo acceso”.</strong></p>


<div class="wp-block-image">
<figure class="aligncenter size-full is-resized"><img loading="lazy" decoding="async" src="https://www.eoiestepona.org/web/wp-content/uploads/2023/09/PASEN01.jpg" alt="" class="wp-image-4941" style="width:284px;height:303px" width="284" height="303"/></figure>
</div>


<p>A continuación, aparecerán en pantalla las opciones de entrada en el sistema, una como tutor/a o representante del alumnado matriculado y otra como alumnado matriculado.</p>



<p><strong>Si deseas entrar con perfil de alumno/a, </strong>tienes que seleccionarlo donde indica la flecha, escribir tu NIF, el móvil suministrado al centro y tu fecha de nacimiento.<strong> </strong></p>



<p><strong>Ojo! </strong>No olvides escribir el “captcha” o caracteres que aparecen en la imagen.</p>



<p><strong>Ojo! </strong>Si, una vez escritos los datos, el sistema no te da acceso a la plataforma, ponte en contacto con tu profesor/a o con la administración del centro para que comprueben que en tu ficha como alumno/a están correctos los datos de matrícula</p>


<div class="wp-block-image">
<figure class="aligncenter size-full is-resized"><img loading="lazy" decoding="async" src="https://www.eoiestepona.org/web/wp-content/uploads/2023/09/PASEN02.jpg" alt="" class="wp-image-4942" style="width:723px;height:521px" width="723" height="521" srcset="https://www.eoiestepona.org/web/wp-content/uploads/2023/09/PASEN02.jpg 443w, https://www.eoiestepona.org/web/wp-content/uploads/2023/09/PASEN02-300x216.jpg 300w" sizes="auto, (max-width: 723px) 100vw, 723px" /></figure>
</div>


<p><strong>Si deseas entrar como tutor/a legal o representante, </strong>tienes que seleccionarlo donde te indica la flecha, escribir tu NIF, el móvil suministrado al centro, y la fecha de nacimiento del hijo/a matriculado.</p>



<p><strong>Ojo! </strong>No olvides escribir el “captcha” o caracteres que aparecen en la imagen.</p>



<p><strong>Ojo! </strong>Si, una vez escritos los datos, el sistema no te da acceso a la plataforma, ponte en contacto con tu profesor/a o con la administración del centro para que comprueben que en la ficha del alumno/a están correctos los datos de matrícula.</p>


<div class="wp-block-image">
<figure class="aligncenter size-full is-resized"><img loading="lazy" decoding="async" src="https://www.eoiestepona.org/web/wp-content/uploads/2023/09/PASEN03.jpg" alt="" class="wp-image-4943" style="width:670px;height:481px" width="670" height="481" srcset="https://www.eoiestepona.org/web/wp-content/uploads/2023/09/PASEN03.jpg 444w, https://www.eoiestepona.org/web/wp-content/uploads/2023/09/PASEN03-300x216.jpg 300w" sizes="auto, (max-width: 670px) 100vw, 670px" /></figure>
</div>


<p><strong>SI YA DISPONES DE CONTRASEÑA Y NO LA RECUERDAS</strong>, debes pinchar en <strong>“¿Olvidó su contraseña?</strong>, y el sistema te pedirá tu nombre de usuario además de la respuesta a la pregunta de seguridad que contestaste la primera vez que generaste la clave.</p>



<p><strong>* </strong>El nombre de usuario corresponde con la primera letra de tu nombre, seguida de las 3 primeras del 1º apellido, y las 3 primeras del 2º apellido, y añadiendo por último las 3 últimas cifras de tu NIF: Ejemplo: Para Antonio Martínez Pérez con NIF: 00171717-X à Su usuario sería amarper717</p>

<p>CÓMO ACCEDER A PASEN Puedes acceder a la plataforma PASEN a través de dos medios distintos: PARA CREAR UNA CONTRASEÑA DE PASEN POR PRIMERA VEZ O SI TIENES PROBLEMAS DE &#8230;</p>
