{"id":5651,"date":"2024-09-25T08:05:01","date_gmt":"2024-09-25T06:05:01","guid":{"rendered":"https:\/\/www.eoiestepona.org\/web\/?page_id=5651"},"modified":"2024-09-25T08:05:02","modified_gmt":"2024-09-25T06:05:02","slug":"traslados-de-matricula","status":"publish","type":"page","link":"https:\/\/www.eoiestepona.org\/web\/traslados-de-matricula\/","title":{"rendered":"Traslados de matr\u00edcula"},"content":{"rendered":"\n<h1 class=\"wp-block-heading\"><strong>Traslados<\/strong><\/h1>\n\n\n\n<p>Los traslados de matr\u00edcula s\u00f3lo afectar\u00e1n a las ense\u00f1anzas de idiomas en el r\u00e9gimen de ense\u00f1anza oficial. Los&nbsp;<strong>traslados de matr\u00edcula&nbsp;<\/strong>de alumnos que desean continuar sus estudios en nuestra escuela (traslados de matr\u00edcula viva) se realizar\u00e1n en el primer trimestre del curso, quedando condicionados a escoger entre los horarios que queden disponibles. La Direcci\u00f3n de la escuela resolver\u00e1 sobre el traslado.<\/p>\n\n\n\n<p>Si desea realizar un traslado de matr\u00edcula en el segundo trimestre, \u00e9ste deber\u00e1 ser autorizado por el Delegado provincial si se trata de un traslado dentro de la misma provincia o por el Director General de Ordenaci\u00f3n y Planificaci\u00f3n Educativa cuando se produzca entre provincias distintas, siendo preceptivo en ambos casos el informe de los Servicios de Inspecci\u00f3n correspondientes.<\/p>\n\n\n\n<p>En ning\u00fan caso se autorizar\u00e1n traslados de matr\u00edcula viva en el tercer trimestre (Orden de 16 de febrero de 1999). &nbsp; Los traslados de matr\u00edcula que se soliciten por personas provenientes de centros de otras Comunidades Aut\u00f3nomas, deber\u00e1n ser autorizados por la persona titular de la Direcci\u00f3n General, siendo preceptivo el informe del del correspondiente Servicio Provincial de Inspecci\u00f3n de Educaci\u00f3n.&nbsp;<strong>En este caso, se deber\u00e1n abonar las tasas establecidas para la Comunidad Aut\u00f3noma de Andaluc\u00eda.<\/strong><\/p>\n\n\n\n<p><strong>No&nbsp;<\/strong>se podr\u00e1 realizar&nbsp;<strong>m\u00e1s de un traslado de matr\u00edcula en el mismo curso acad\u00e9mico.<\/strong><\/p>\n\n\n\n<h2 class=\"wp-block-heading\">Procedimiento<\/h2>\n\n\n\n<p>Cumplimente la solicitud de traslado:Escrito dirigido al centro solicitando el traslado<\/p>\n\n\n\n<p>Pres\u00e9ntela personalmente en la Secretar\u00eda del centro o env\u00edela telem\u00e1ticamente a este correo electr\u00f3nico.<\/p>\n\n\n\n<p>Una vez recibida la confirmaci\u00f3n por parte de la EOI Estepona de que tiene plaza, deber\u00e1 cumplimentar y entregar la siguiente documentaci\u00f3n. La EOI se pondr\u00e1 en contacto telem\u00e1ticamente con los interesados<strong>&nbsp;a finales de septiembre.&nbsp;<\/strong><\/p>\n\n\n\n<p><strong>a)<\/strong>&nbsp;Impreso de matr\u00edcula&nbsp;<\/p>\n\n\n\n<p><strong>b)<\/strong>&nbsp;Tal\u00f3n de cargo de haber abonado las tasas en su EOI de origen o tal\u00f3n de cargo de la Junta de Andaluc\u00eda en caso de que su EOI de origen sea de otra Comunidad Aut\u00f3noma.<\/p>\n\n\n\n<p><strong>c)<\/strong>&nbsp;Foto tama\u00f1o carnet<\/p>\n\n\n\n<p><strong>d)<\/strong>&nbsp;Fotocopia DNI\/NIE\/Pasaporte.<\/p>\n","protected":false},"excerpt":{"rendered":"<p>Traslados Los traslados de matr\u00edcula s\u00f3lo afectar\u00e1n a las ense\u00f1anzas de idiomas en el r\u00e9gimen de ense\u00f1anza oficial. Los&nbsp;traslados de matr\u00edcula&nbsp;de alumnos que desean continuar sus estudios en nuestra escuela &#8230;<\/p>\n","protected":false},"author":2,"featured_media":0,"parent":0,"menu_order":0,"comment_status":"closed","ping_status":"closed","template":"","meta":{"footnotes":""},"class_list":["post-5651","page","type-page","status-publish","hentry"],"_links":{"self":[{"href":"https:\/\/www.eoiestepona.org\/web\/wp-json\/wp\/v2\/pages\/5651","targetHints":{"allow":["GET"]}}],"collection":[{"href":"https:\/\/www.eoiestepona.org\/web\/wp-json\/wp\/v2\/pages"}],"about":[{"href":"https:\/\/www.eoiestepona.org\/web\/wp-json\/wp\/v2\/types\/page"}],"author":[{"embeddable":true,"href":"https:\/\/www.eoiestepona.org\/web\/wp-json\/wp\/v2\/users\/2"}],"replies":[{"embeddable":true,"href":"https:\/\/www.eoiestepona.org\/web\/wp-json\/wp\/v2\/comments?post=5651"}],"version-history":[{"count":1,"href":"https:\/\/www.eoiestepona.org\/web\/wp-json\/wp\/v2\/pages\/5651\/revisions"}],"predecessor-version":[{"id":5652,"href":"https:\/\/www.eoiestepona.org\/web\/wp-json\/wp\/v2\/pages\/5651\/revisions\/5652"}],"wp:attachment":[{"href":"https:\/\/www.eoiestepona.org\/web\/wp-json\/wp\/v2\/media?parent=5651"}],"curies":[{"name":"wp","href":"https:\/\/api.w.org\/{rel}","templated":true}]}}

Traslados de matrícula

<h1 class="wp-block-heading"><strong>Traslados</strong></h1>



<p>Los traslados de matrícula sólo afectarán a las enseñanzas de idiomas en el régimen de enseñanza oficial. Los&nbsp;<strong>traslados de matrícula&nbsp;</strong>de alumnos que desean continuar sus estudios en nuestra escuela (traslados de matrícula viva) se realizarán en el primer trimestre del curso, quedando condicionados a escoger entre los horarios que queden disponibles. La Dirección de la escuela resolverá sobre el traslado.</p>



<p>Si desea realizar un traslado de matrícula en el segundo trimestre, éste deberá ser autorizado por el Delegado provincial si se trata de un traslado dentro de la misma provincia o por el Director General de Ordenación y Planificación Educativa cuando se produzca entre provincias distintas, siendo preceptivo en ambos casos el informe de los Servicios de Inspección correspondientes.</p>



<p>En ningún caso se autorizarán traslados de matrícula viva en el tercer trimestre (Orden de 16 de febrero de 1999). &nbsp; Los traslados de matrícula que se soliciten por personas provenientes de centros de otras Comunidades Autónomas, deberán ser autorizados por la persona titular de la Dirección General, siendo preceptivo el informe del del correspondiente Servicio Provincial de Inspección de Educación.&nbsp;<strong>En este caso, se deberán abonar las tasas establecidas para la Comunidad Autónoma de Andalucía.</strong></p>



<p><strong>No&nbsp;</strong>se podrá realizar&nbsp;<strong>más de un traslado de matrícula en el mismo curso académico.</strong></p>



<h2 class="wp-block-heading">Procedimiento</h2>



<p>Cumplimente la solicitud de traslado:Escrito dirigido al centro solicitando el traslado</p>



<p>Preséntela personalmente en la Secretaría del centro o envíela telemáticamente a este correo electrónico.</p>



<p>Una vez recibida la confirmación por parte de la EOI Estepona de que tiene plaza, deberá cumplimentar y entregar la siguiente documentación. La EOI se pondrá en contacto telemáticamente con los interesados<strong>&nbsp;a finales de septiembre.&nbsp;</strong></p>



<p><strong>a)</strong>&nbsp;Impreso de matrícula&nbsp;</p>



<p><strong>b)</strong>&nbsp;Talón de cargo de haber abonado las tasas en su EOI de origen o talón de cargo de la Junta de Andalucía en caso de que su EOI de origen sea de otra Comunidad Autónoma.</p>



<p><strong>c)</strong>&nbsp;Foto tamaño carnet</p>



<p><strong>d)</strong>&nbsp;Fotocopia DNI/NIE/Pasaporte.</p>

<p>Traslados Los traslados de matrícula sólo afectarán a las enseñanzas de idiomas en el régimen de enseñanza oficial. Los&nbsp;traslados de matrícula&nbsp;de alumnos que desean continuar sus estudios en nuestra escuela &#8230;</p>
